emainder when 377 is divided by v.
17
Let h(q) = -q**2 - 1. Let u(s) = 2*s + 3. Let t be u(-1). Let y be h(t). What is the remainder when 46 is divided by y + -2 + 23 - 3?
14
Suppose 5*w + 25 = -3*o, o = w - 4*o - 23. What is the remainder when (3/2)/(16/480) is divided by (-86)/(-7) + w/7?
9
Suppose -4*k = -9*k. Let q be -1 + 3 - 0 - k. Let i = 6 + q. What is the remainder when 14 is divided by i?
6
Let q(z) = z**2 - 5*z + 6. Calculate the remainder when 106 is divided by q(6).
10
Suppose -6*l + 180 = -432. Calculate the remainder when l is divided by 15.
12
Suppose -9*v = -397 - 8. Calculate the remainder when 86 is divided by v.
41
Let b(l) = 2*l**2 - 3*l - 6. Calculate the remainder when b(5) is divided by (-6)/4*(-400)/75.
5
Suppose -7*l + 5*l + 4 = 0. Let b(i) = -7*i**3 - 3*i**l - i**3 + 7 - 2*i + 7*i**3. Calculate the remainder when b(-5) is divided by 23.
21
Suppose -4*r + 28 = 4*h - 2*r, 16 = -4*r. Suppose 3*p - 31 = -4*f + 79, 2*p - 4*f = 100. What is the remainder when p is divided by h?
6
Suppose -3 = -2*v + 7. Suppose -j = -4*d - v, -3*j + 43 = 2*j - 2*d. What is the remainder when 43 is divided by j?
7
Let v = -86 + 202. Calculate the remainder when v is divided by 64.
52
Suppose 54 + 837 = 3*d. Suppose 3*r = -4*t + d, -189 - 128 = -4*t + r. What is the remainder when t is divided by -96*(-10)/20*3/9?
14
Suppose -h + 628 - 553 = 0. Suppose z - 20 = -0. What is the remainder when h is divided by z?
15
Let k = -537 + 690. Calculate the remainder when k is divided by 11.
10
Suppose -d - 3*d + 40 = 0. Let c be (-40)/(-6)*120/100. Suppose -136 = -c*b - 0*b. What is the remainder when b is divided by d?
7
Let x = 4 + 17. Suppose 4*r - 35 - 9 = 2*q, r - x = -2*q. Calculate the remainder when 48 is divided by r.
9
Let t = 12 - -6. Let u = 41 - 38. Suppose 5*f = -25, 3*a - 8 = -2*f - u. Calculate the remainder when t is divided by a.
3
Calculate the remainder when 205 is divided by (-4)/30 + 7289/555.
10
Suppose -g = 2, 0 = 6*w - 7*w - 2*g + 24. What is the remainder when 180 is divided by w?
12
Let l(c) = -8*c + 16. Let v be l(16). Let h be v/(-12) - 2/6. Calculate the remainder when 14 is divided by 6 + (-1 - h/(-3)).
6
Let u = 35 - -229. Suppose 5*b + 0*q = 5*q + 450, 3*b + 3*q - u = 0. Calculate the remainder when b is divided by 13.
11
Suppose 2*l - 9 = -3. Suppose 5*b + 3*c + 114 = b, -l*b - 82 = 4*c. What is the remainder when 20/b*(-39)/2 is divided by 5?
3
Let k = -305 - -324. Calculate the remainder when 928 is divided by k.
16
Let q be 1*(-4)/(-2) - -2. Let d(n) = 8*n**2 - n - 7. Calculate the remainder when d(q) is divided by 40.
37
Let q = 14 + 8. Calculate the remainder when 7 - (264/(0 + -4) - 3) is divided by q.
10
Let d(h) = 2*h**2 - 3*h - 6. Let a be d(4). Calculate the remainder when 412/a - 6/14 is divided by 12.
5
Let l = -124 + 209. Calculate the remainder when 74 is divided by -2 + l/3 - 2/6.
22
Let o(h) = 2*h**3 + 8*h**2 + 3*h + 6. Let k(f) = -4*f**3 - 16*f**2 - 6*f - 12. Let l(g) = 3*k(g) + 5*o(g). Calculate the remainder when l(-4) is divided by 5.
1
Suppose 0 = 2*b - 5*p - 137, 0*p + 5*p + 76 = b. Calculate the remainder when b is divided by 3.
1
Let h(a) = 12*a - 205. What is the remainder when 67 is divided by h(19)?
21
Suppose -2*a - 4*r = -r - 32, 0 = -3*a + 3*r + 18. Suppose -4*o + 4 = 16, -5*j + 2*o = -1701. Calculate the remainder when j/7 + 4/7 is divided by a.
9
Let r = -47 - -57. Let i be 5 + 0*(2 + -1). Suppose -n = -2*n - 5*l - 22, 0 = l + i. Calculate the remainder when r is divided by n.
1
Suppose 5*p = 5*q + 10, -p - q = -0*p + 2. Let t be 10/((p + -2)/(-1)). Suppose 8 = -t*k + 68. What is the remainder when 44 is divided by k?
8
Suppose -1 = 6*p - 7. Suppose 16*k - 191 = p. Calculate the remainder when 32 is divided by k.
8
Let g(u) = 3*u**2 - 103*u + 54. Calculate the remainder when 1117 is divided by g(34).
17
Let r = -1 - 1. Let o be (-3 - r)*97 - -3. Let f = -43 - o. What is the remainder when f is divided by 13?
12
Suppose w - u = -0*u + 16, 5*w - 88 = -3*u. Calculate the remainder when 99 is divided by w.
14
Let q = -235 + 300. Calculate the remainder when 119 is divided by q.
54
Let y(u) = 4*u - 13. Let t be y(11). Let i = -32 + t. What is the remainder when (((-300)/(-3))/(-4))/i is divided by 7?
4
Suppose -2*w + 4*w - 155 = -3*a, a = -2*w + 45. What is the remainder when a is divided by 19?
17
Suppose 52 = 5*p + 2*i, 7*i - 2*i = -p + 15. Suppose 5*k - 220 = 3*k. Suppose -3*b = 3*f - 2*b - k, 4 = -4*b. What is the remainder when f is divided by p?
7
Let n be 4/(4/73) - -2. Suppose -2*a = 4*i + i - 41, -3*a - 3*i = -n. Suppose 4*t - 118 - 98 = 0. What is the remainder when t is divided by a?
26
Let z(o) = 40*o - 1. Suppose 83*p - 32*p = 3876. What is the remainder when p is divided by z(1)?
37
Let w = -11 + 3. Let c = w - -20. What is the remainder when 21 is divided by c?
9
Let k be (-108)/27 - (-2)/((-4)/(-14)). Suppose -2*w - a - 18 = -5*w, -a + 18 = k*w. Suppose -4*m + 28 = -40. What is the remainder when m is divided by w?
5
Let q = -39 - -40. Suppose 2*t = -3*u - q + 17, 0 = -2*t + 10. What is the remainder when 13 is divided by u?
1
Let v = 75 - 54. What is the remainder when v is divided by 3?
0
Let y(b) = -5*b + 5. Let l(d) = 3*d + 13. Let g be l(-6). Let f(u) = -u**2 - 5*u - 5. Let z be f(g). Calculate the remainder when y(z) is divided by 16.
14
Suppose b = -b + 466. Let d = -89 + b. Suppose -4*j = -6*j + d. Calculate the remainder when j is divided by 15.
12
Suppose 0 = 2*u + 5*q - 3, 6*q - 3*q = 4*u + 33. What is the remainder when u/9*(-3294)/12 is divided by 37?
35
Suppose 10*c - 4240 = 14*c. What is the remainder when 87 is divided by 4/(-14) + (-9)/(315/c)?
27
Let a be ((-288)/(-54))/(1/66). Calculate the remainder when (2 - a/3)*3/(-2) is divided by 25.
23
Let d = -19 + 35. Calculate the remainder when ((-120)/d)/(1/(-2)) is divided by 6.
3
Let h = 30 - 18. Suppose c - h = 5*c. Let f(n) = 2*n**2 + 2*n. What is the remainder when 34 is divided by f(c)?
10
Let c = 489 - 300. Calculate the remainder when c is divided by 24.
21
Let s(p) = p + 14. Let c be s(-10). Suppose 0 = 5*t - 2*x - 66, 3*x = -0*t - c*t + 62. What is the remainder when t is divided by 4?
2
Let x = 15 + 14. Calculate the remainder when x is divided by (33/(-6))/(4/(-8)).
7
Let x = -59 + 82. Let a(o) = 5*o + 10. Suppose 3 - 38 = -5*g. Calculate the remainder when a(g) is divided by x.
22
Let r = -42 - -148. What is the remainder when r is divided by 12?
10
Let b be (0 - -1)*1 - -9. Let p(k) = -k**3 + 4*k - 12*k + 67*k**2 - 13 - 56*k**2. What is the remainder when p(b) is divided by 6?
1
Let l be 12/4 + 0/(-2). Suppose l*s - 4*s - 10 = 0. Let a = 18 + s. What is the remainder when 30 is divided by a?
6
Suppose 12 = -2*k - 0*k. Suppose -3*o + 4*m - 1 = 0, 0*o - m = -4*o - 23. Calculate the remainder when 13 is divided by -2 + 5 - (o - k).
1
Calculate the remainder when 258 is divided by 0 + (-52)/(-6) + 2/6.
6
Suppose -3*u - 89 = -0*u + 2*o, 3*u - 2*o + 97 = 0. Let k(q) = q + 45. Calculate the remainder when 52 is divided by k(u).
10
Suppose -5*g + 6 = -3*g. Calculate the remainder when g is divided by ((-14)/(-35))/(2 + (-27)/15).
1
Let j = -1153 - -1199. Let p = 42 - 26. What is the remainder when j is divided by p?
14
Let t = 33 + -16. Let g(x) = x**2 - 62*x + 255. What is the remainder when g(60) is divided by t?
16
Let m be (-22816)/160 - (2/5 - 0). Let a = 169 + m. What is the remainder when 155 is divided by a?
25
Suppose -5 = -w + 2. Let t = 0 - w. What is the remainder when 27 is divided by (-3)/12*t*4?
6
What is the remainder when 118 is divided by (-109)/(-5) + (-26)/325*10?
13
Let h(b) = b**3 - 7*b**2 - 9*b - 5. Let p be h(8). Let q = 40 + -25. Let f = q + p. What is the remainder when f is divided by 2?
0
Suppose -14*u = -6*u - 352. Suppose -6*w = -4*i - w + 528, -5*i + 2*w = -643. What is the remainder when i is divided by u?
39
Let s be 6*(1/(-2) - -2). Let z(k) = 2*k**2 - 2*k - 10. Calculate the remainder when z(s) is divided by (-8)/(-28)*-1 - 240/(-7).
32
Let o(y) = -6*y + 12*y + 1 + 2*y - 7*y + 9*y**2. What is the remainder when 44 is divided by o(-1)?
8
Let u(h) = 12*h**2 - h. Let m = 1052 + -1033. What is the remainder when u(-3) is divided by m?
16
Let r = 938 + -694. Calculate the 